What are the prime factors of 594767?
71, 8377
What are the prime factors of 2937260?
2, 5, 17, 53, 163
List the prime factors of 30242426.
2, 15121213
List the prime factors of 1477156.
2, 131, 2819
What are the prime factors of 564889?
13, 19, 2287
What are the prime factors of 4743957?
3, 23, 197, 349
What are the prime factors of 4973369?
4973369
What are the prime factors of 350536?
2, 43, 1019
List the prime factors of 837371.
277, 3023
What are the prime factors of 6860651?
7, 37, 26489
List the prime factors of 5643879.
3, 43, 67, 653
List the prime factors of 414834.
2, 3, 7, 17, 83
What are the prime factors of 149612?
2, 113, 331
What are the prime factors of 1225187?
23, 53269
List the prime factors of 802573.
802573
What are the prime factors of 140745?
3, 5, 11, 853
What are the prime factors of 299122?
2, 149561
List the prime factors of 1239147.
3, 7, 13, 17, 89
List the prime factors of 179652.
2, 3, 11, 1361
What are the prime factors of 1960963?
37, 52999
List the prime factors of 568334.
2, 13, 21859
What are the prime factors of 776024?
2, 97003
List the prime factors of 1137703.
7, 162529
What are the prime factors of 18993817?
137, 138641
List the prime factors of 7681035.
3, 5, 19, 26951
List the prime factors of 30290802.
2, 3, 5048467
What are the prime factors of 62039?
62039
What are the prime factors of 848969?
11, 113, 683
What are the prime factors of 346683?
3, 115561
List the prime factors of 603305.
5, 120661
What are the prime factors of 1789169?
1789169
What are the prime factors of 3785489?
41, 127, 727
List the prime factors of 627769.
107, 5867
What are the prime factors of 655216?
2, 31, 1321
List the prime factors of 965831.
103, 9377
List the prime factors of 325787.
7, 11, 4231
What are the prime factors of 34378716?
2, 3, 239, 11987
What are the prime factors of 8422364?
2, 2105591
What are the prime factors of 8298287?
8298287
List the prime factors of 847097.
847097
What are the prime factors of 1868991?
3, 622997
List the prime factors of 360629.
157, 2297
What are the prime factors of 8286658?
2, 4143329
List the prime factors of 3195242.
2, 1597621
List the prime factors of 3497.
13, 269
What are the prime factors of 274711?
274711
What are the prime factors of 13767640?
2, 5, 491, 701
List the prime factors of 2016.
2, 3, 7
What are the prime factors of 257459?
257459
What are the prime factors of 10801022?
2, 5400511
List the prime factors of 78663.
3, 13, 2017
What are the prime factors of 1394823?
3, 464941
What are the prime factors of 282537?
3, 31393
What are the prime factors of 12786172?
2, 7, 456649
What are the prime factors of 811345?
5, 162269
What are the prime factors of 135279?
3, 15031
What are the prime factors of 3114021?
3, 89, 107, 109
What are the prime factors of 8007469?
433, 18493
What are the prime factors of 142485?
3, 5, 7, 23, 59
What are the prime factors of 2927052?
2, 3, 81307
What are the prime factors of 325065?
3, 5, 13, 1667
List the prime factors of 4268096.
2, 7, 1361
What are the prime factors of 69731?
103, 677
List the prime factors of 478336.
2, 37, 101
What are the prime factors of 219284?
2, 13, 4217
What are the prime factors of 249398?
2, 124699
What are the prime factors of 18172426?
2, 9086213
List the prime factors of 9003388.
2, 113, 19919
What are the prime factors of 8837487?
3, 37, 26539
List the prime factors of 15999933.
3, 5333311
What are the prime factors of 4712341?
31, 71, 2141
List the prime factors of 178685.
5, 13, 2749
What are the prime factors of 181533?
3, 11, 5501
List the prime factors of 231368.
2, 28921
List the prime factors of 2688738.
2, 3, 13, 34471
List the prime factors of 130342.
2, 65171
List the prime factors of 10080763.
7, 11, 89, 1471
List the prime factors of 6598749.
3, 83, 26501
List the prime factors of 722177.
17, 23, 1847
What are the prime factors of 15054792?
2, 3, 17, 36899
What are the prime factors of 10059887?
401, 25087
List the prime factors of 5715848.
2, 714481
What are the prime factors of 696459?
3, 232153
What are the prime factors of 512018?
2, 13, 47, 419
What are the prime factors of 610403?
227, 2689
List the prime factors of 1425805.
5, 285161
List the prime factors of 25981.
25981
What are the prime factors of 6066813?
3, 2022271
List the prime factors of 22765905.
3, 5, 101, 5009
What are the prime factors of 79121?
7, 89, 127
List the prime factors of 418409.
281, 1489
What are the prime factors of 20198199?
3, 7, 41, 23459
List the prime factors of 24669.
3, 2741
List the prime factors of 1423355.
5, 23, 12377
What are the prime factors of 4084625?
5, 41, 797
List the prime factors of 1212468.
2, 3, 23, 191
What are the prime factors of 858332?
2, 59, 3637
What are the prime factors of 245567?
7, 35081
What are the prime factors of 299148?
2, 3, 97, 257
List the prime factors of 15433.
11, 23, 61
List the prime factors of 123775.
5, 4951
List the prime factors of 10625.
5, 17
What are the prime factors of 4445859?
3, 11, 199, 677
List the prime factors of 10633088.
2, 83071
List the prime factors of 8217983.
8217983
What are the prime factors of 8640851?
953, 9067
What are the prime factors of 138207?
3, 23, 2003
List the prime factors of 3084629.
3084629
What are the prime factors of 23382966?
2, 3, 3897161
What are the prime factors of 27656558?
2, 13828279
What are the prime factors of 15475527?
3, 23, 74761
List the prime factors of 318729.
3, 106243
List the prime factors of 835916.
2, 53, 3943
List the prime factors of 12469076.
2, 3117269
What are the prime factors of 143730?
2, 3, 5, 1597
List the prime factors of 3136514.
2, 1568257
List the prime factors of 378988.
2, 94747
List the prime factors of 10599440.
2, 5, 47, 2819
List the prime factors of 601212.
2, 3, 50101
List the prime factors of 918438.
2, 3, 153073
What are the prime factors of 9750416?
2, 13, 46877
What are the prime factors of 1583214?
2, 3, 263869
What are the prime factors of 87395?
5, 7, 11, 227
What are the prime factors of 714962?
2, 59, 73, 83
List the prime factors of 544116.
2, 3, 45343
What are the prime factors of 3846692?
2, 17, 56569
List the prime factors of 1949699.
29, 67231
List the prime factors of 3633797.
3633797
What are the prime factors of 3856601?
7, 19, 107, 271
List the prime factors of 3232592.
2, 11, 18367
List the prime factors of 6762443.
6762443
List the prime factors of 3677350.
2, 5, 73547
What are the prime factors of 19062978?
2, 3, 11, 288833
What are the prime factors of 209764?
2, 229
What are the prime factors of 8947252?
2, 19, 117727
What are the prime factors of 280441?
7, 40063
What are the prime factors of 228623?
37, 167
List the prime factors of 1744.
2, 109
What are the prime factors of 13288?
2, 11, 151
List the prime factors of 7608347.
37, 61, 3371
List the prime factors of 2066215.
5, 413243
List the prime factors of 172891.
23, 7517
List the prime factors of 914764.
2, 71, 3221
List the prime factors of 1100394.
2, 3, 113, 541
List the prime factors of 2075428.
2, 17, 23, 1327
What are the prime factors of 70247?
199, 353
What are the prime factors of 243648?
2, 3, 47
List the prime factors of 412682.
2, 206341
List the prime factors of 3783888.
2, 3, 19, 461
List the prime factors of 5954642.
2, 547, 5443
List the prime factors of 81368.
2, 7, 1453
List the prime factors of 91999.
197, 467
List the prime factors of 706062.
2, 3, 7, 16811
List the prime factors of 528010.
2, 5, 7, 19, 397
What are the prime factors of 9159032?
2, 1144879
What are the prime factors of 922520?
2, 5, 23063
What are the prime factors of 114568?
2, 14321
What are the prime factors of 8629217?
17, 97, 5233
List the prime factors of 11563178.
2, 11, 525599
List the prime factors of 2209309.
1103, 2003
List the prime factors of 5577984.
2, 3, 269
List the prime factors of 3273879.
3, 7, 31, 47, 107
List the prime factors of 100054.
2, 19, 2633
List the prime factors of 2376925.
5, 31, 3067
List the prime factors of 714734.
2, 29, 12323
List the prime factors of 3150546.
2, 3, 7, 75013
List the prime factors of 245345.
5, 49069
List the prime factors of 182506.
2, 91253
What are the prime factors of 110753?
110753
List the prime factors of 5219576.
2, 652447
List the prime facto